{"id":139370,"date":"2024-06-27T15:56:52","date_gmt":"2024-06-27T13:56:52","guid":{"rendered":"https:\/\/primacover.com\/product\/primacover-cutter-premium\/"},"modified":"2026-04-03T11:36:06","modified_gmt":"2026-04-03T09:36:06","slug":"primacover-cutter-premium","status":"publish","type":"product","link":"https:\/\/primacover.com\/sv\/product\/primacover-cutter-premium\/","title":{"rendered":"PrimaCover Cutter Premium"},"content":{"rendered":"<h2>PrimaCover Cutter Premium folie- och fiberkniv<\/h2>\n<p>PrimaCover Cutter Premium \u00e4r en ergonomisk s\u00e4kerhetskniv f\u00f6r sk\u00e4rning av en m\u00e4ngd olika material, b\u00e5de tjocka och tunna. Sk\u00e4r utan problem genom fiberduk, skyddsfolier, tejp, filt och papp. Tack vare den ergonomiska utformningen ligger kniven stadigt och bekv\u00e4mt i handen. <\/p>\n<p>Varje PrimaCover Cutter Premium levereras med tv\u00e5 blad som standard, inklusive ett reservblad i handtaget. Eftersom varje blad har tv\u00e5 vassa sidor har du d\u00e4rf\u00f6r alltid 4 sk\u00e4reggar.<\/p>\n<p><strong>Egenskaper:<\/strong><\/p>\n<ul>\n<li>Robust bladhuvud<\/li>\n<li>Reservblad i handtaget<\/li>\n<li>Ergonomiskt formad<\/li>\n<li>L\u00e4tt vikt (38 gr.)<\/li>\n<li>GS-certifikat: S 60169808<\/li>\n<li>M\u00e5tt (LxBxH): 152 mm x 12 mm x 40 mm<\/li>\n<\/ul>\n<p><strong>Anv\u00e4ndning:<\/strong><\/p>\n<ul>\n<li>F\u00f6r sk\u00e4rning av olika material, fr\u00e5n fiberduk till papp (inklusive filt)<\/li>\n<\/ul>\n<p><strong>Instruktioner:<\/strong><\/p>\n<ul>\n<li>PrimaCover Cutter Premium \u00e4r vass. Byt ut sk\u00e4rbladet regelbundet f\u00f6r att s\u00e4kerst\u00e4lla optimal sk\u00e4rprestanda.<\/li>\n<li>Byte av blad: \u00d6ppna handtaget upptill f\u00f6r att l\u00e5sa upp magasinet med ers\u00e4ttningsbladet och samtidigt l\u00e5sa upp det robusta bladhuvudet, s\u00e5 att du kan byta ut bladet snabbt och enkelt.<\/li>\n<\/ul>\n","protected":false},"excerpt":{"rendered":"<p>PrimaCover Cutter Premium folie- och fiberkniv PrimaCover Cutter Premium \u00e4r en ergonomisk s\u00e4kerhetskniv f\u00f6r sk\u00e4rning av en m\u00e4ngd olika material,<\/p>\n","protected":false},"featured_media":139371,"menu_order":4,"template":"","meta":{"generate_page_header":""},"product_brand":[],"product_cat":[4255],"product_tag":[],"class_list":{"0":"post-139370","1":"product","2":"type-product","3":"status-publish","4":"has-post-thumbnail","6":"product_cat-tillbehor","7":"","8":"woocommerce-text-align-center","9":"woocommerce-image-align-center","10":"do-quantity-buttons","12":"first","13":"instock","14":"shipping-taxable","15":"product-type-simple"},"yoast_head":"<!-- This site is optimized with the Yoast SEO Premium plugin v27.4 (Yoast SEO v27.4) - https:\/\/yoast.com\/product\/yoast-seo-premium-wordpress\/ -->\n<title>PrimaCover Cutter Premium<\/title>\n<meta name=\"robots\" content=\"index, follow, max-snippet:-1, max-image-preview:large, max-video-preview:-1\" \/>\n<link rel=\"canonical\" href=\"https:\/\/primacover.com\/sv\/product\/primacover-cutter-premium\/\" \/>\n<meta property=\"og:locale\" content=\"sv_SE\" \/>\n<meta property=\"og:type\" content=\"article\" \/>\n<meta property=\"og:title\" content=\"PrimaCover Cutter Premium\" \/>\n<meta property=\"og:description\" content=\"PrimaCover Cutter Premium folie- och fiberkniv PrimaCover Cutter Premium \u00e4r en ergonomisk s\u00e4kerhetskniv f\u00f6r sk\u00e4rning av en m\u00e4ngd olika material,\" \/>\n<meta property=\"og:url\" content=\"https:\/\/primacover.com\/sv\/product\/primacover-cutter-premium\/\" \/>\n<meta property=\"og:site_name\" content=\"PrimaCover\" \/>\n<meta property=\"article:publisher\" content=\"https:\/\/www.facebook.com\/PrimaverdeBV\" \/>\n<meta property=\"article:modified_time\" content=\"2026-04-03T09:36:06+00:00\" \/>\n<meta property=\"og:image\" content=\"https:\/\/primacover.com\/wp-content\/uploads\/2024\/06\/Cutter-Premium_P0NZ_s01.jpg\" \/>\n\t<meta property=\"og:image:width\" content=\"600\" \/>\n\t<meta property=\"og:image:height\" content=\"600\" \/>\n\t<meta property=\"og:image:type\" content=\"image\/jpeg\" \/>\n<meta name=\"twitter:card\" content=\"summary_large_image\" \/>\n<meta name=\"twitter:label1\" content=\"Pris\" \/>\n\t<meta name=\"twitter:data1\" content=\"\" \/>\n\t<meta name=\"twitter:label2\" content=\"Tillg\u00e4nglig\" \/>\n\t<meta name=\"twitter:data2\" content=\"I lager\" \/>\n<script type=\"application\/ld+json\" class=\"yoast-schema-graph\">{\"@context\":\"https:\\\/\\\/schema.org\",\"@graph\":[{\"@type\":\"WebPage\",\"@id\":\"https:\\\/\\\/primacover.com\\\/sv\\\/product\\\/primacover-cutter-premium\\\/\",\"url\":\"https:\\\/\\\/primacover.com\\\/sv\\\/product\\\/primacover-cutter-premium\\\/\",\"name\":\"PrimaCover Cutter Premium\",\"isPartOf\":{\"@id\":\"https:\\\/\\\/primacover.com\\\/sv\\\/#website\"},\"primaryImageOfPage\":{\"@id\":\"https:\\\/\\\/primacover.com\\\/sv\\\/product\\\/primacover-cutter-premium\\\/#primaryimage\"},\"image\":{\"@id\":\"https:\\\/\\\/primacover.com\\\/sv\\\/product\\\/primacover-cutter-premium\\\/#primaryimage\"},\"thumbnailUrl\":\"https:\\\/\\\/primacover.com\\\/wp-content\\\/uploads\\\/2024\\\/06\\\/Cutter-Premium_P0NZ_s01.jpg\",\"datePublished\":\"2024-06-27T13:56:52+00:00\",\"dateModified\":\"2026-04-03T09:36:06+00:00\",\"breadcrumb\":{\"@id\":\"https:\\\/\\\/primacover.com\\\/sv\\\/product\\\/primacover-cutter-premium\\\/#breadcrumb\"},\"inLanguage\":\"sv-SE\",\"potentialAction\":[{\"@type\":\"ReadAction\",\"target\":[\"https:\\\/\\\/primacover.com\\\/sv\\\/product\\\/primacover-cutter-premium\\\/\"]}]},{\"@type\":\"ImageObject\",\"inLanguage\":\"sv-SE\",\"@id\":\"https:\\\/\\\/primacover.com\\\/sv\\\/product\\\/primacover-cutter-premium\\\/#primaryimage\",\"url\":\"https:\\\/\\\/primacover.com\\\/wp-content\\\/uploads\\\/2024\\\/06\\\/Cutter-Premium_P0NZ_s01.jpg\",\"contentUrl\":\"https:\\\/\\\/primacover.com\\\/wp-content\\\/uploads\\\/2024\\\/06\\\/Cutter-Premium_P0NZ_s01.jpg\",\"width\":600,\"height\":600},{\"@type\":\"BreadcrumbList\",\"@id\":\"https:\\\/\\\/primacover.com\\\/sv\\\/product\\\/primacover-cutter-premium\\\/#breadcrumb\",\"itemListElement\":[{\"@type\":\"ListItem\",\"position\":1,\"name\":\"Home\",\"item\":\"https:\\\/\\\/primacover.com\\\/sv\\\/\"},{\"@type\":\"ListItem\",\"position\":2,\"name\":\"Produkter\",\"item\":\"https:\\\/\\\/primacover.com\\\/sv\\\/producten\\\/\"},{\"@type\":\"ListItem\",\"position\":3,\"name\":\"PrimaCover Cutter Premium\"}]},{\"@type\":\"WebSite\",\"@id\":\"https:\\\/\\\/primacover.com\\\/sv\\\/#website\",\"url\":\"https:\\\/\\\/primacover.com\\\/sv\\\/\",\"name\":\"PrimaCover\",\"description\":\"afdekvlies-afdekfolie-stofdeuren, coveringmaterials-dustdoors\",\"publisher\":{\"@id\":\"https:\\\/\\\/primacover.com\\\/sv\\\/#organization\"},\"potentialAction\":[{\"@type\":\"SearchAction\",\"target\":{\"@type\":\"EntryPoint\",\"urlTemplate\":\"https:\\\/\\\/primacover.com\\\/sv\\\/?s={search_term_string}\"},\"query-input\":{\"@type\":\"PropertyValueSpecification\",\"valueRequired\":true,\"valueName\":\"search_term_string\"}}],\"inLanguage\":\"sv-SE\"},{\"@type\":\"Organization\",\"@id\":\"https:\\\/\\\/primacover.com\\\/sv\\\/#organization\",\"name\":\"PrimaCover\",\"url\":\"https:\\\/\\\/primacover.com\\\/sv\\\/\",\"logo\":{\"@type\":\"ImageObject\",\"inLanguage\":\"sv-SE\",\"@id\":\"https:\\\/\\\/primacover.com\\\/sv\\\/#\\\/schema\\\/logo\\\/image\\\/\",\"url\":\"\",\"contentUrl\":\"\",\"caption\":\"PrimaCover\"},\"image\":{\"@id\":\"https:\\\/\\\/primacover.com\\\/sv\\\/#\\\/schema\\\/logo\\\/image\\\/\"},\"sameAs\":[\"https:\\\/\\\/www.facebook.com\\\/PrimaverdeBV\",\"https:\\\/\\\/nl.linkedin.com\\\/company\\\/primaverde\",\"https:\\\/\\\/www.youtube.com\\\/channel\\\/UC3DwQqj8f8tatLdSFA0aWwA\"]}]}<\/script>\n<meta property=\"product:price:currency\" content=\"EUR\" \/>\n<meta property=\"og:availability\" content=\"instock\" \/>\n<meta property=\"product:availability\" content=\"instock\" \/>\n<meta property=\"product:condition\" content=\"new\" \/>\n<!-- \/ Yoast SEO Premium plugin. -->","yoast_head_json":{"title":"PrimaCover Cutter Premium","robots":{"index":"index","follow":"follow","max-snippet":"max-snippet:-1","max-image-preview":"max-image-preview:large","max-video-preview":"max-video-preview:-1"},"canonical":"https:\/\/primacover.com\/sv\/product\/primacover-cutter-premium\/","og_locale":"sv_SE","og_type":"article","og_title":"PrimaCover Cutter Premium","og_description":"PrimaCover Cutter Premium folie- och fiberkniv PrimaCover Cutter Premium \u00e4r en ergonomisk s\u00e4kerhetskniv f\u00f6r sk\u00e4rning av en m\u00e4ngd olika material,","og_url":"https:\/\/primacover.com\/sv\/product\/primacover-cutter-premium\/","og_site_name":"PrimaCover","article_publisher":"https:\/\/www.facebook.com\/PrimaverdeBV","article_modified_time":"2026-04-03T09:36:06+00:00","og_image":[{"width":600,"height":600,"url":"https:\/\/primacover.com\/wp-content\/uploads\/2024\/06\/Cutter-Premium_P0NZ_s01.jpg","type":"image\/jpeg"}],"twitter_card":"summary_large_image","twitter_misc":{"Pris":"","Tillg\u00e4nglig":"I lager"},"schema":{"@context":"https:\/\/schema.org","@graph":[{"@type":"WebPage","@id":"https:\/\/primacover.com\/sv\/product\/primacover-cutter-premium\/","url":"https:\/\/primacover.com\/sv\/product\/primacover-cutter-premium\/","name":"PrimaCover Cutter Premium","isPartOf":{"@id":"https:\/\/primacover.com\/sv\/#website"},"primaryImageOfPage":{"@id":"https:\/\/primacover.com\/sv\/product\/primacover-cutter-premium\/#primaryimage"},"image":{"@id":"https:\/\/primacover.com\/sv\/product\/primacover-cutter-premium\/#primaryimage"},"thumbnailUrl":"https:\/\/primacover.com\/wp-content\/uploads\/2024\/06\/Cutter-Premium_P0NZ_s01.jpg","datePublished":"2024-06-27T13:56:52+00:00","dateModified":"2026-04-03T09:36:06+00:00","breadcrumb":{"@id":"https:\/\/primacover.com\/sv\/product\/primacover-cutter-premium\/#breadcrumb"},"inLanguage":"sv-SE","potentialAction":[{"@type":"ReadAction","target":["https:\/\/primacover.com\/sv\/product\/primacover-cutter-premium\/"]}]},{"@type":"ImageObject","inLanguage":"sv-SE","@id":"https:\/\/primacover.com\/sv\/product\/primacover-cutter-premium\/#primaryimage","url":"https:\/\/primacover.com\/wp-content\/uploads\/2024\/06\/Cutter-Premium_P0NZ_s01.jpg","contentUrl":"https:\/\/primacover.com\/wp-content\/uploads\/2024\/06\/Cutter-Premium_P0NZ_s01.jpg","width":600,"height":600},{"@type":"BreadcrumbList","@id":"https:\/\/primacover.com\/sv\/product\/primacover-cutter-premium\/#breadcrumb","itemListElement":[{"@type":"ListItem","position":1,"name":"Home","item":"https:\/\/primacover.com\/sv\/"},{"@type":"ListItem","position":2,"name":"Produkter","item":"https:\/\/primacover.com\/sv\/producten\/"},{"@type":"ListItem","position":3,"name":"PrimaCover Cutter Premium"}]},{"@type":"WebSite","@id":"https:\/\/primacover.com\/sv\/#website","url":"https:\/\/primacover.com\/sv\/","name":"PrimaCover","description":"afdekvlies-afdekfolie-stofdeuren, coveringmaterials-dustdoors","publisher":{"@id":"https:\/\/primacover.com\/sv\/#organization"},"potentialAction":[{"@type":"SearchAction","target":{"@type":"EntryPoint","urlTemplate":"https:\/\/primacover.com\/sv\/?s={search_term_string}"},"query-input":{"@type":"PropertyValueSpecification","valueRequired":true,"valueName":"search_term_string"}}],"inLanguage":"sv-SE"},{"@type":"Organization","@id":"https:\/\/primacover.com\/sv\/#organization","name":"PrimaCover","url":"https:\/\/primacover.com\/sv\/","logo":{"@type":"ImageObject","inLanguage":"sv-SE","@id":"https:\/\/primacover.com\/sv\/#\/schema\/logo\/image\/","url":"","contentUrl":"","caption":"PrimaCover"},"image":{"@id":"https:\/\/primacover.com\/sv\/#\/schema\/logo\/image\/"},"sameAs":["https:\/\/www.facebook.com\/PrimaverdeBV","https:\/\/nl.linkedin.com\/company\/primaverde","https:\/\/www.youtube.com\/channel\/UC3DwQqj8f8tatLdSFA0aWwA"]}]},"product_price_currency":"EUR","og_availability":"instock","product_availability":"instock","product_condition":"new"},"_links":{"self":[{"href":"https:\/\/primacover.com\/sv\/wp-json\/wp\/v2\/product\/139370","targetHints":{"allow":["GET"]}}],"collection":[{"href":"https:\/\/primacover.com\/sv\/wp-json\/wp\/v2\/product"}],"about":[{"href":"https:\/\/primacover.com\/sv\/wp-json\/wp\/v2\/types\/product"}],"wp:featuredmedia":[{"embeddable":true,"href":"https:\/\/primacover.com\/sv\/wp-json\/wp\/v2\/media\/139371"}],"wp:attachment":[{"href":"https:\/\/primacover.com\/sv\/wp-json\/wp\/v2\/media?parent=139370"}],"wp:term":[{"taxonomy":"product_brand","embeddable":true,"href":"https:\/\/primacover.com\/sv\/wp-json\/wp\/v2\/product_brand?post=139370"},{"taxonomy":"product_cat","embeddable":true,"href":"https:\/\/primacover.com\/sv\/wp-json\/wp\/v2\/product_cat?post=139370"},{"taxonomy":"product_tag","embeddable":true,"href":"https:\/\/primacover.com\/sv\/wp-json\/wp\/v2\/product_tag?post=139370"}],"curies":[{"name":"wp","href":"https:\/\/api.w.org\/{rel}","templated":true}]}}

<h2>PrimaCover Cutter Premium folie- och fiberkniv</h2>
<p>PrimaCover Cutter Premium är en ergonomisk säkerhetskniv för skärning av en mängd olika material, både tjocka och tunna. Skär utan problem genom fiberduk, skyddsfolier, tejp, filt och papp. Tack vare den ergonomiska utformningen ligger kniven stadigt och bekvämt i handen. </p>
<p>Varje PrimaCover Cutter Premium levereras med två blad som standard, inklusive ett reservblad i handtaget. Eftersom varje blad har två vassa sidor har du därför alltid 4 skäreggar.</p>
<p><strong>Egenskaper:</strong></p>
<ul>
<li>Robust bladhuvud</li>
<li>Reservblad i handtaget</li>
<li>Ergonomiskt formad</li>
<li>Lätt vikt (38 gr.)</li>
<li>GS-certifikat: S 60169808</li>
<li>Mått (LxBxH): 152 mm x 12 mm x 40 mm</li>
</ul>
<p><strong>Användning:</strong></p>
<ul>
<li>För skärning av olika material, från fiberduk till papp (inklusive filt)</li>
</ul>
<p><strong>Instruktioner:</strong></p>
<ul>
<li>PrimaCover Cutter Premium är vass. Byt ut skärbladet regelbundet för att säkerställa optimal skärprestanda.</li>
<li>Byte av blad: Öppna handtaget upptill för att låsa upp magasinet med ersättningsbladet och samtidigt låsa upp det robusta bladhuvudet, så att du kan byta ut bladet snabbt och enkelt.</li>
</ul>

<p>PrimaCover Cutter Premium folie- och fiberkniv PrimaCover Cutter Premium är en ergonomisk säkerhetskniv för skärning av en mängd olika material,</p>

<!-- This site is optimized with the Yoast SEO Premium plugin v27.4 (Yoast SEO v27.4) - https://yoast.com/product/yoast-seo-premium-wordpress/ -->
<title>PrimaCover Cutter Premium</title>
<meta name="robots" content="index, follow, max-snippet:-1, max-image-preview:large, max-video-preview:-1" />
<link rel="canonical" href="https://primacover.com/sv/product/primacover-cutter-premium/" />
<meta property="og:locale" content="sv_SE" />
<meta property="og:type" content="article" />
<meta property="og:title" content="PrimaCover Cutter Premium" />
<meta property="og:description" content="PrimaCover Cutter Premium folie- och fiberkniv PrimaCover Cutter Premium är en ergonomisk säkerhetskniv för skärning av en mängd olika material," />
<meta property="og:url" content="https://primacover.com/sv/product/primacover-cutter-premium/" />
<meta property="og:site_name" content="PrimaCover" />
<meta property="article:publisher" content="https://www.facebook.com/PrimaverdeBV" />
<meta property="article:modified_time" content="2026-04-03T09:36:06+00:00" />
<meta property="og:image" content="https://primacover.com/wp-content/uploads/2024/06/Cutter-Premium_P0NZ_s01.jpg" />
	<meta property="og:image:width" content="600" />
	<meta property="og:image:height" content="600" />
	<meta property="og:image:type" content="image/jpeg" />
<meta name="twitter:card" content="summary_large_image" />
<meta name="twitter:label1" content="Pris" />
	<meta name="twitter:data1" content="" />
	<meta name="twitter:label2" content="Tillgänglig" />
	<meta name="twitter:data2" content="I lager" />
<script type="application/ld+json" class="yoast-schema-graph">{"@context":"https:\/\/schema.org","@graph":[{"@type":"WebPage","@id":"https:\/\/primacover.com\/sv\/product\/primacover-cutter-premium\/","url":"https:\/\/primacover.com\/sv\/product\/primacover-cutter-premium\/","name":"PrimaCover Cutter Premium","isPartOf":{"@id":"https:\/\/primacover.com\/sv\/#website"},"primaryImageOfPage":{"@id":"https:\/\/primacover.com\/sv\/product\/primacover-cutter-premium\/#primaryimage"},"image":{"@id":"https:\/\/primacover.com\/sv\/product\/primacover-cutter-premium\/#primaryimage"},"thumbnailUrl":"https:\/\/primacover.com\/wp-content\/uploads\/2024\/06\/Cutter-Premium_P0NZ_s01.jpg","datePublished":"2024-06-27T13:56:52+00:00","dateModified":"2026-04-03T09:36:06+00:00","breadcrumb":{"@id":"https:\/\/primacover.com\/sv\/product\/primacover-cutter-premium\/#breadcrumb"},"inLanguage":"sv-SE","potentialAction":[{"@type":"ReadAction","target":["https:\/\/primacover.com\/sv\/product\/primacover-cutter-premium\/"]}]},{"@type":"ImageObject","inLanguage":"sv-SE","@id":"https:\/\/primacover.com\/sv\/product\/primacover-cutter-premium\/#primaryimage","url":"https:\/\/primacover.com\/wp-content\/uploads\/2024\/06\/Cutter-Premium_P0NZ_s01.jpg","contentUrl":"https:\/\/primacover.com\/wp-content\/uploads\/2024\/06\/Cutter-Premium_P0NZ_s01.jpg","width":600,"height":600},{"@type":"BreadcrumbList","@id":"https:\/\/primacover.com\/sv\/product\/primacover-cutter-premium\/#breadcrumb","itemListElement":[{"@type":"ListItem","position":1,"name":"Home","item":"https:\/\/primacover.com\/sv\/"},{"@type":"ListItem","position":2,"name":"Produkter","item":"https:\/\/primacover.com\/sv\/producten\/"},{"@type":"ListItem","position":3,"name":"PrimaCover Cutter Premium"}]},{"@type":"WebSite","@id":"https:\/\/primacover.com\/sv\/#website","url":"https:\/\/primacover.com\/sv\/","name":"PrimaCover","description":"afdekvlies-afdekfolie-stofdeuren, coveringmaterials-dustdoors","publisher":{"@id":"https:\/\/primacover.com\/sv\/#organization"},"potentialAction":[{"@type":"SearchAction","target":{"@type":"EntryPoint","urlTemplate":"https:\/\/primacover.com\/sv\/?s={search_term_string}"},"query-input":{"@type":"PropertyValueSpecification","valueRequired":true,"valueName":"search_term_string"}}],"inLanguage":"sv-SE"},{"@type":"Organization","@id":"https:\/\/primacover.com\/sv\/#organization","name":"PrimaCover","url":"https:\/\/primacover.com\/sv\/","logo":{"@type":"ImageObject","inLanguage":"sv-SE","@id":"https:\/\/primacover.com\/sv\/#\/schema\/logo\/image\/","url":"","contentUrl":"","caption":"PrimaCover"},"image":{"@id":"https:\/\/primacover.com\/sv\/#\/schema\/logo\/image\/"},"sameAs":["https:\/\/www.facebook.com\/PrimaverdeBV","https:\/\/nl.linkedin.com\/company\/primaverde","https:\/\/www.youtube.com\/channel\/UC3DwQqj8f8tatLdSFA0aWwA"]}]}</script>
<meta property="product:price:currency" content="EUR" />
<meta property="og:availability" content="instock" />
<meta property="product:availability" content="instock" />
<meta property="product:condition" content="new" />
<!-- / Yoast SEO Premium plugin. -->

PrimaCover Cutter Premium folie- och fiberkniv PrimaCover Cutter Premium är en ergonomisk säkerhetskniv för skärning av en mängd olika material,
